 j(-23).
-1020
Let i(v) = -780*v**2 + 3121*v - 5. What is i(4)?
-1
Let w(u) = 639*u**2 - 21729*u + 106. Give w(34).
4
Let g(i) = -36*i - 594. What is g(-5)?
-414
Let b(u) = -3703*u - 22913. Calculate b(-6).
-695
Let f(o) = 19338*o + 251507. Determine f(-13).
113
Let t(v) = v**3 + 8*v**2 + 66065*v + 926105. Give t(-14).
19
Let t(v) = -v**3 - 15*v**2 + 133*v + 91. What is t(-18)?
-1331
Let s(q) = -537*q**2 + 263*q + 272. Determine s(1).
-2
Let f(y) = y**3 - 122*y**2 + 3531*y - 285. Give f(47).
-3
Let x(b) = 42752*b + 341923. Give x(-8).
-93
Let w(a) = -132175*a - 7401826. Give w(-56).
-26
Let r(g) = 2*g**2 + 3273*g - 231599. Calculate r(68).
213
Let u(x) = -38681*x + 22164236. Give u(573).
23
Let o(p) = 6*p**3 - 235*p**2 + 9*p + 1180. What is o(39)?
10
Let h(a) = -9*a**2 - 11*a + 36. Give h(-9).
-594
Let g(f) = 8*f**2 - 11074*f + 66494. Calculate g(6).
338
Let y(c) = -3315*c + 39618. Give y(12).
-162
Let v(y) = -334*y**3 - 3004*y**2 + 38*y + 16. Calculate v(-9).
-164
Let y(d) = -3*d**3 - 24*d**2 + 26*d - 106. Calculate y(-10).
234
Let d(t) = 473*t + 6505. Calculate d(-15).
-590
Let k(t) = -798*t**2 - 30*t - 30. Determine k(-1).
-798
Let r(d) = -5*d**3 - 315*d**2 - 938*d - 2279. What is r(-60)?
1
Let c(p) = 3552*p - 103034. What is c(29)?
-26
Let w(n) = -n**2 - 378351*n - 2648408. Give w(-7).
0
Let d(z) = -2828*z + 76446. Determine d(27).
90
Let p(h) = -5*h**2 + 41267*h - 329826. Give p(8).
-10
Let r(g) = g**3 - 124*g**2 - 2233*g - 977. Calculate r(140).
3
Let d(s) = s**3 - 51*s**2 - 144891*s - 417. Calculate d(407).
-10
Let f(s) = 1176*s - 10921. Calculate f(10).
839
Let q(y) = -2*y**2 + 1161232*y - 22062694. What is q(19)?
-8
Let d(b) = -b**3 - 18*b**2 - 20*b + 261. What is d(3)?
12
Let q(j) = -131*j**2 - 99*j + 164. Calculate q(-4).
-1536
Let b(o) = -o**3 + 188*o**2 - 963*o + 233. Determine b(5).
-7
Let j(y) = y**2 + 387*y + 4123. Determine j(-376).
-13
Let w(m) = -2*m**3 + 96*m**2 + 68*m - 3746. What is w(47)?
3868
Let t(x) = 4*x**3 + 422*x**2 + 2196*x - 400. Give t(-100).
0
Let v(o) = -o**3 - 104*o**2 + 51*o + 5298. Calculate v(-104).
-6
Let f(m) = -m**2 + 254*m - 16243. Calculate f(125).
-118
Let g(r) = -845*r**2 + 146181*r + 683. Determine g(173).
-9
Let g(j) = -1014*j**3 - 281*j**2 - 563*j + 7. Calculate g(-2).
8121
Let z(i) = -2*i**3 - 3*i**2 - 17*i + 254. Calculate z(0).
254
Let z(i) = -502*i**2 - 21080*i + 63. Give z(-42).
-105
Let z(b) = -644*b**2 - 8535*b + 6709. What is z(-14)?
-25
Let x(d) = d**3 + 102*d**2 + 1311*d + 88. Calculate x(-15).
-2
Let k(n) = 13746*n - 852284. What is k(62)?
-32
Let q(u) = -u**3 - 13*u**2 + 48*u + 341. What is q(-7)?
-289
Let o(p) = -p**3 + 6993*p - 27910. What is o(4)?
-2
Let l(k) = 79879*k + 1198187. Give l(-15).
2
Let h(c) = c**2 + 49*c - 3360. Give h(32).
-768
Let t(y) = -y**2 + 1134*y + 127415. Give t(-103).
4
Let a(t) = 969*t - 46710. Give a(48).
-198
Let q(i) = -i**3 - 24*i**2 - 15*i + 1749. Calculate q(-17).
-19
Let a(m) = 10936*m - 437136. Calculate a(40).
304
Let a(o) = -21115*o + 1182446. Calculate a(56).
6
Let a(o) = -500178*o - 1500563. Give a(-3).
-29
Let i(a) = -2*a**3 - 19*a**2 + 539*a + 4988. What is i(-9)?
56
Let r(f) = 3*f**2 + 109*f + 1337. Calculate r(-28).
637
Let v(x) = x**3 - 5*x**2 - 30*x + 3. What is v(-5)?
-97
Let d(f) = -32142*f + 12663950. What is d(394)?
2
Let u(f) = -19*f**2 - 147*f + 1306. Calculate u(-13).
6
Let k(n) = 2*n**3 - 224*n**2 + 3224*n + 103. Give k(17).
1
Let p(t) = 6*t**3 + 106*t**2 + 78*t + 167. What is p(-17)?
-3
Let q(b) = b**2 + 160*b - 13704. What is q(-222)?
60
Let u(g) = 34571*g + 103750. Calculate u(-3).
37
Let l(t) = 1221*t + 28148. Give l(-23).
65
Let r(t) = -8472*t - 15901943. What is r(-1877)?
1
Let i(c) = 10*c**2 - 934*c + 415. What is i(93)?
43
Let z(o) = -o**2 + 3828*o + 394. What is z(0)?
394
Let t(d) = d**3 + 125*d**2 + 3628*d - 469. Determine t(-79).
5
Let j(y) = 6*y**3 - 21*y**2 - 27*y - 1. What is j(-6)?
-1891
Let v(x) = 10*x**2 - 1660*x + 158. What is v(166)?
158
Let u(y) = 1682*y - 465940. Determine u(277).
-26
Let u(j) = 273*j**2 - 26500*j + 1838. What is u(97)?
-5
Let g(t) = 48*t**2 + 21*t + 7. Determine g(-1).
34
Let o(a) = -10*a**3 + 30*a**2 - 46*a + 88. Calculate o(2).
36
Let j(w) = 8*w**2 - 310*w - 4017. Determine j(49).
1
Let j(z) = -z**3 + 23*z**2 - 27*z - 643. Give j(20).
17
Let s(l) = l**2 + 381*l - 8974. Give s(22).
-108
Let r(d) = d**3 - 78*d**2 - 2131*d - 1141. What is r(-21)?
-49
Let g(a) = -2*a**2 + 253255*a - 506518. Give g(2).
-16
Let n(i) = -i**2 + 23439*i - 1005998. Determine n(43).
30
Let t(w) = 2*w**3 - 102*w**2 + 53*w - 2694. Determine t(51).
9
Let g(i) = 3729*i - 14984. What is g(4)?
-68
Let s(f) = -4777*f - 148157. Determine s(-31).
-70
Let q(t) = -8826*t + 529560. What is q(60)?
0
Let k(t) = -7*t**2 + 240*t + 2513. Calculate k(-10).
-587
Let d(s) = -s**2 + 173*s + 60517. Give d(347).
139
Let g(u) = 1594*u - 9581. Determine g(6).
-17
Let g(r) = -765*r - 26746. What is g(-36)?
794
Let b(w) = -2*w**2 + 892*w - 6234. Give b(7).
-88
Let p(f) = -f**3 + 16*f**2 + 999*f - 15959. Give p(16).
25
Let w(d) = -2*d**2 - 140*d - 2355. Give w(-37).
87
Let h(d) = d**3 + 91*d**2 - 2339*d - 143933. Give h(-100).
-33
Let o(k) = -2*k**3 + 2*k**2 - 23*k + 886. Calculate o(0).
886
Let w(p) = 26273*p + 210465. Determine w(-8).
281
Let a(r) = -3*r**2 + 22361*r + 380988. Determine a(-17).
-16
Let q(r) = -21*r**2 + 627*r + 2854. Calculate q(-4).
10
Let h(r) = -2*r**3 + 400*r**2 - 391*r - 1661. Give h(199).
-268
Let b(t) = 2*t**3 - 22*t**2 - 16*t + 339. Calculate b(-5).
-381
Let l(f) = -2*f**3 + 12*f**2 + 23154*f - 138961. Give l(6).
-37
Let d(q) = 2590*q + 49116. What is d(-19)?
-94
Let n(y) = -y**3 + 237*y**2 + 543*y - 520. Calculate n(-3).
11
Let n(k) = 1379*k - 108903. Determine n(79).
38
Let z(r) = -r**3 - 19*r**2 + 80*r - 378. Calculate z(-23).
-102
Let g(x) = -x**3 - 29*x**2 - 101*x - 83. What is g(-23)?
-934
Let t(v) = 209*v**2 + 28*v - 52. What is t(0)?
-52
Let p(i) = 455*i + 12711. What is p(-28)?
-29
Let a(q) = -14*q**2 + 103*q + 8354. Calculate a(30).
-1156
Let w(x) = 26739*x + 1791514. What is w(-67)?
1
Let x(t) = 2*t**2 - 2441*t - 32069. Give x(-13).
2
Let a(d) = 43784*d + 174393. Determine a(-4).
-743
Let m(p) = 21093*p - 147846. Calculate m(7).
-195
Let l(c) = -6*c**2 - 225*c - 1776. Determine l(-26).
18
Let t(b) = -14*b**2 - 981*b + 20613. Calculate t(-87).
-6
Let p(d) = 63891*d - 1022249. Give p(16).
7
Let q(r) = 1160*r + 237814. Determine q(-205).
14
Let v(h) = h**3 - 133*h**2 - 6946*h + 4432. Give v(173).
-66
Let r(z) = 43*z**2 + 4683*z - 432. What is r(-109)?
4
Let o(g) = 80*g - 38478. What is o(481)?
2
Let a(v) = -3*v**3 - 113*v**2 + 1085*v + 108. What is a(8)?
20
Let g(y) = 60*y**2 - 251*y + 1012. Give g(4).
968
Let a(t) = -10*t**2 + 181*t - 451. Determine a(3).
2
Let z(k) = -4*k**2 + 215*k + 2159. Calculate z(-16).
-2305
Let c(u) = u**2 - 45*u - 2983. Determine c(80).
-183
Let y(i) = -7174*i - 358711. Give y(-50).
-11
Let t(p) = -28*p**2 + 1497*p - 830. Give t(53).
-141
Let i(a) = -32*a**2 - 376*a - 177. Give i(-11).
87
Let y(i) = -i**3 - 15*i**2 + 145*i + 1889. What is y(-17)?
2
Let d(c) = -5*c**3 + 165*c**2 - 1269*c + 122. Calculate d(21).
-67
Let i(o) = -873*o - 12587. Calculate i(-15).
508
Let y(z) = -11239*z + 3146920. Give y(280).
0
Let b(w) = 37*w**2 - 936*w + 101. Determine b(25).
-174
Let c(i) = 239*i + 33303. Calculate c(-137).
560
Let y(j) = -23*j**2 - 1420*j - 2816. What is y(-2)?
-68
Let c(b) = b**2 - 1861*b - 9331. Calculate c(-5).
-1
Let f(d) = 3957*d + 625246. Give f(-158).
40
Let r(q) = 5*q**2 - 11268*q + 33742. What is r(3)?
-17
Let z(f) = -f**3 + 49*f**2 - 242*f - 107. What is z(6)?
-11
Let z(y) = 3*y**2 + 63*y - 3187. Determine z(24).
53
Let h(z) = 413*z**2 - 10722*z - 409. Determine h(26).
7
Let m(l) = l**2 + 13710*l - 6109342. Determine m(432).
2
Let c(w) = 2088*w + 352885. What is c(-169)?
13
Let t(a) = a**3 + 69*a**2 - 1001*a + 367. Determine t(-82).
-4963
Let g(l) = -8*l**3 + 65*l**2 - 398*l - 23. Determine g(7).
-2368
Let d(p) = 2*p**3 - 18*p**2 + 12*p - 215. Determine d(10).
105
Let t(h) = -27002*h + 513362. What is t(19)?
324
Let q(p) = -10*p**2 - 4700*p + 637996. Give q(-580).
-4
Let a(h) = h**3 - 26*h**2 + 93*h - 102. Calculate a(20).
-642
Let m(l) = 2*l**2 + 675*l - 51349. What is m